{"id":112,"date":"2025-07-02T09:08:56","date_gmt":"2025-07-02T07:08:56","guid":{"rendered":"http:\/\/dhmzsnr.cluster100.hosting.ovh.net\/?page_id=112"},"modified":"2025-07-29T08:54:27","modified_gmt":"2025-07-29T06:54:27","slug":"audit-conseil","status":"publish","type":"page","link":"https:\/\/nilemaint.fr\/index.php\/audit-conseil\/","title":{"rendered":"Audit, Conseil"},"content":{"rendered":"\n<p class=\"has-text-align-left policeleela has-primary-color has-text-color has-background has-link-color wp-elements-4b655e5c93d4ef1988af954aef8d5f3d\" style=\"background-color:#008f77d6;font-size:20px\">Dans un environnement industriel o\u00f9 la disponibilit\u00e9 des \u00e9quipements, la ma\u00eetrise des co\u00fbts et la conformit\u00e9 r\u00e9glementaire sont des enjeux majeurs, optimiser sa strat\u00e9gie de maintenance n\u2019est plus une option. C\u2019est une n\u00e9cessit\u00e9.<\/p>\n\n\n\n<p class=\"policeleela has-primary-color has-text-color has-background has-link-color has-large-font-size wp-elements-0529bdf5e29ddb6293fbcff3184850a7\" style=\"background-color:#008f77d6\"><strong>C\u2019est l\u00e0 que nous intervenons.<\/strong><\/p>\n\n\n\n<hr class=\"wp-block-separator has-alpha-channel-opacity\"\/>\n\n\n\n<p class=\"policeleela has-primary-color has-text-color has-link-color has-normal-font-size wp-elements-7ac81dcd3eae0ebe4c2a948343de40c8\"><strong>NILEMAINT<\/strong> accompagne les entreprises dans la transformation et l\u2019optimisation de leur maintenance. Nous intervenons dans divers secteurs (industrie, tertiaire, \u00e9nergie, sant\u00e9, agroalimentaire\u2026) pour am\u00e9liorer la performance technique, \u00e9conomique et humaine de vos op\u00e9rations de maintenance.<\/p>\n\n\n\n<hr class=\"wp-block-separator has-alpha-channel-opacity\"\/>\n\n\n\n<h3 class=\"wp-block-heading\"><strong> Nos prestations cl\u00e9s<\/strong><\/h3>\n\n\n\n<ul class=\"wp-block-list has-normal-font-size\">\n<li class=\"policeleela has-normal-font-size\"><strong>Diagnostic maintenance<\/strong> : \u00c9tat des lieux de vos pratiques, outils, indicateurs, processus et performances.<\/li>\n\n\n\n<li class=\"policeleela has-normal-font-size\"><strong>D\u00e9ploiement ou optimisation de GMAO<\/strong> : S\u00e9lection, param\u00e9trage, formation, conduite du changement.<\/li>\n\n\n\n<li class=\"policeleela has-normal-font-size\"><strong>Plan de maintenance pr\u00e9ventive<\/strong> : \u00c9laboration ou fiabilisation des gammes, fr\u00e9quence, criticit\u00e9, etc.<\/li>\n\n\n\n<li class=\"policeleela has-normal-font-size\"><strong>Audit r\u00e9glementaire &amp; conformit\u00e9<\/strong> : Garantir que vos installations respectent les exigences l\u00e9gales et normatives.<\/li>\n<\/ul>\n\n\n\n<hr class=\"wp-block-separator has-alpha-channel-opacity\"\/>\n\n\n\n<h3 class=\"wp-block-heading\"><strong>Les b\u00e9n\u00e9fices pour votre entreprise<\/strong><\/h3>\n\n\n\n<p class=\"policeleela has-normal-font-size\" id=\"policeleela\">\u2705 <strong>R\u00e9duction des co\u00fbts d\u2019entretien<\/strong> gr\u00e2ce \u00e0 une meilleure planification et priorisation des actions.<br>\u2705 <strong>Diminution des pannes et arr\u00eats non planifi\u00e9s<\/strong> pour une productivit\u00e9 accrue.<br>\u2705 <strong>Mise en conformit\u00e9 r\u00e9glementaire<\/strong> et renforcement de la tra\u00e7abilit\u00e9.<br>\u2705 <strong>Mont\u00e9e en comp\u00e9tence de vos \u00e9quipes<\/strong> techniques et encadrantes.<br>\u2705 <strong>Mise en place d\u2019outils de pilotage fiables<\/strong><br>\u2705 <strong>Am\u00e9lioration de la rentabilit\u00e9 et de la comp\u00e9titivit\u00e9 globale<\/strong> de votre activit\u00e9.<\/p>\n\n\n\n<hr class=\"wp-block-separator has-alpha-channel-opacity\"\/>\n\n\n\n<h3 class=\"wp-block-heading\"><strong>Pourquoi nous faire confiance ?<\/strong><\/h3>\n\n\n\n<ul class=\"wp-block-list policeleela\">\n<li class=\"policeleela has-normal-font-size\"><strong>Expertise terrain<\/strong> : Issus de l\u2019industrie, nous parlons le langage des op\u00e9rationnels.<\/li>\n\n\n\n<li class=\"policeleela has-normal-font-size\"> <strong>Approche sur mesure<\/strong> : Chaque mission est adapt\u00e9e \u00e0 votre contexte, vos objectifs et vos contraintes.<\/li>\n\n\n\n<li class=\"policeleela has-normal-font-size\"> <strong>R\u00e9sultats mesurables<\/strong> : Nos interventions visent un retour sur investissement concret .<\/li>\n\n\n\n<li class=\"policeleela has-normal-font-size\"> <strong>Accompagnement de A \u00e0 Z<\/strong> : De la strat\u00e9gie \u00e0 la mise en \u0153uvre, nous restons \u00e0 vos c\u00f4t\u00e9s.<\/li>\n<\/ul>\n\n\n\n<p><\/p>\n","protected":false},"excerpt":{"rendered":"<p>Dans un environnement industriel o\u00f9 la disponibilit\u00e9 des \u00e9quipements, la ma\u00eetrise des co\u00fbts et la conformit\u00e9 r\u00e9glementaire sont des enjeux majeurs, optimiser sa strat\u00e9gie de maintenance n\u2019est plus une option. C\u2019est une n\u00e9cessit\u00e9. C\u2019est l\u00e0 que nous intervenons. NILEMAINT accompagne les entreprises dans la transformation et l\u2019optimisation de leur maintenance. Nous intervenons dans divers secteurs [&hellip;]<\/p>\n","protected":false},"author":1,"featured_media":51,"parent":0,"menu_order":0,"comment_status":"closed","ping_status":"closed","template":"","meta":{"footnotes":""},"class_list":["post-112","page","type-page","status-publish","has-post-thumbnail","hentry"],"yoast_head":"<!-- This site is optimized with the Yoast SEO plugin v25.3 - https:\/\/yoast.com\/wordpress\/plugins\/seo\/ -->\n<title>Audit, Conseil - NILEMAINT<\/title>\n<meta name=\"description\" content=\"NILEMAINT accompagne les entreprises dans la transformation et l\u2019optimisation de leur maintenance. Nous intervenons dans divers secteurs pour am\u00e9liorer la performance technique, \u00e9conomique et humaine de vos op\u00e9rations de maintenance.\" \/>\n<meta name=\"robots\" content=\"index, follow, max-snippet:-1, max-image-preview:large, max-video-preview:-1\" \/>\n<link rel=\"canonical\" href=\"https:\/\/nilemaint.fr\/index.php\/audit-conseil\/\" \/>\n<meta property=\"og:locale\" content=\"fr_FR\" \/>\n<meta property=\"og:type\" content=\"article\" \/>\n<meta property=\"og:title\" content=\"Audit, Conseil - NILEMAINT\" \/>\n<meta property=\"og:description\" content=\"NILEMAINT accompagne les entreprises dans la transformation et l\u2019optimisation de leur maintenance. Nous intervenons dans divers secteurs pour am\u00e9liorer la performance technique, \u00e9conomique et humaine de vos op\u00e9rations de maintenance.\" \/>\n<meta property=\"og:url\" content=\"https:\/\/nilemaint.fr\/index.php\/audit-conseil\/\" \/>\n<meta property=\"og:site_name\" content=\"NILEMAINT\" \/>\n<meta property=\"article:publisher\" content=\"https:\/\/facebook.com\/nilemaint\" \/>\n<meta property=\"article:modified_time\" content=\"2025-07-29T06:54:27+00:00\" \/>\n<meta property=\"og:image\" content=\"https:\/\/nilemaint.fr\/wp-content\/uploads\/2025\/06\/Design-sans-titre-1-e1750952448923.png\" \/>\n\t<meta property=\"og:image:width\" content=\"468\" \/>\n\t<meta property=\"og:image:height\" content=\"300\" \/>\n\t<meta property=\"og:image:type\" content=\"image\/png\" \/>\n<meta name=\"twitter:card\" content=\"summary_large_image\" \/>\n<meta name=\"twitter:label1\" content=\"Dur\u00e9e de lecture estim\u00e9e\" \/>\n\t<meta name=\"twitter:data1\" content=\"2 minutes\" \/>\n<script type=\"application\/ld+json\" class=\"yoast-schema-graph\">{\"@context\":\"https:\/\/schema.org\",\"@graph\":[{\"@type\":\"WebPage\",\"@id\":\"https:\/\/nilemaint.fr\/index.php\/audit-conseil\/\",\"url\":\"https:\/\/nilemaint.fr\/index.php\/audit-conseil\/\",\"name\":\"Audit, Conseil - NILEMAINT\",\"isPartOf\":{\"@id\":\"https:\/\/nilemaint.fr\/#website\"},\"primaryImageOfPage\":{\"@id\":\"https:\/\/nilemaint.fr\/index.php\/audit-conseil\/#primaryimage\"},\"image\":{\"@id\":\"https:\/\/nilemaint.fr\/index.php\/audit-conseil\/#primaryimage\"},\"thumbnailUrl\":\"https:\/\/nilemaint.fr\/wp-content\/uploads\/2025\/06\/Design-sans-titre-1-e1750952448923.png\",\"datePublished\":\"2025-07-02T07:08:56+00:00\",\"dateModified\":\"2025-07-29T06:54:27+00:00\",\"description\":\"NILEMAINT accompagne les entreprises dans la transformation et l\u2019optimisation de leur maintenance. Nous intervenons dans divers secteurs pour am\u00e9liorer la performance technique, \u00e9conomique et humaine de vos op\u00e9rations de maintenance.\",\"breadcrumb\":{\"@id\":\"https:\/\/nilemaint.fr\/index.php\/audit-conseil\/#breadcrumb\"},\"inLanguage\":\"fr-FR\",\"potentialAction\":[{\"@type\":\"ReadAction\",\"target\":[\"https:\/\/nilemaint.fr\/index.php\/audit-conseil\/\"]}]},{\"@type\":\"ImageObject\",\"inLanguage\":\"fr-FR\",\"@id\":\"https:\/\/nilemaint.fr\/index.php\/audit-conseil\/#primaryimage\",\"url\":\"https:\/\/nilemaint.fr\/wp-content\/uploads\/2025\/06\/Design-sans-titre-1-e1750952448923.png\",\"contentUrl\":\"https:\/\/nilemaint.fr\/wp-content\/uploads\/2025\/06\/Design-sans-titre-1-e1750952448923.png\",\"width\":468,\"height\":300},{\"@type\":\"BreadcrumbList\",\"@id\":\"https:\/\/nilemaint.fr\/index.php\/audit-conseil\/#breadcrumb\",\"itemListElement\":[{\"@type\":\"ListItem\",\"position\":1,\"name\":\"Accueil\",\"item\":\"https:\/\/nilemaint.fr\/\"},{\"@type\":\"ListItem\",\"position\":2,\"name\":\"Audit, Conseil\"}]},{\"@type\":\"WebSite\",\"@id\":\"https:\/\/nilemaint.fr\/#website\",\"url\":\"https:\/\/nilemaint.fr\/\",\"name\":\"NILEMAINT\",\"description\":\"La Gmao efficiente\",\"publisher\":{\"@id\":\"https:\/\/nilemaint.fr\/#organization\"},\"potentialAction\":[{\"@type\":\"SearchAction\",\"target\":{\"@type\":\"EntryPoint\",\"urlTemplate\":\"https:\/\/nilemaint.fr\/?s={search_term_string}\"},\"query-input\":{\"@type\":\"PropertyValueSpecification\",\"valueRequired\":true,\"valueName\":\"search_term_string\"}}],\"inLanguage\":\"fr-FR\"},{\"@type\":\"Organization\",\"@id\":\"https:\/\/nilemaint.fr\/#organization\",\"name\":\"NILEMAINT\",\"url\":\"https:\/\/nilemaint.fr\/\",\"logo\":{\"@type\":\"ImageObject\",\"inLanguage\":\"fr-FR\",\"@id\":\"https:\/\/nilemaint.fr\/#\/schema\/logo\/image\/\",\"url\":\"https:\/\/nilemaint.fr\/wp-content\/uploads\/2025\/06\/cropped-Design-sans-titre-1-e1750952448923.png\",\"contentUrl\":\"https:\/\/nilemaint.fr\/wp-content\/uploads\/2025\/06\/cropped-Design-sans-titre-1-e1750952448923.png\",\"width\":290,\"height\":300,\"caption\":\"NILEMAINT\"},\"image\":{\"@id\":\"https:\/\/nilemaint.fr\/#\/schema\/logo\/image\/\"},\"sameAs\":[\"https:\/\/facebook.com\/nilemaint\"]}]}<\/script>\n<!-- \/ Yoast SEO plugin. -->","yoast_head_json":{"title":"Audit, Conseil - NILEMAINT","description":"NILEMAINT accompagne les entreprises dans la transformation et l\u2019optimisation de leur maintenance. Nous intervenons dans divers secteurs pour am\u00e9liorer la performance technique, \u00e9conomique et humaine de vos op\u00e9rations de maintenance.","robots":{"index":"index","follow":"follow","max-snippet":"max-snippet:-1","max-image-preview":"max-image-preview:large","max-video-preview":"max-video-preview:-1"},"canonical":"https:\/\/nilemaint.fr\/index.php\/audit-conseil\/","og_locale":"fr_FR","og_type":"article","og_title":"Audit, Conseil - NILEMAINT","og_description":"NILEMAINT accompagne les entreprises dans la transformation et l\u2019optimisation de leur maintenance. Nous intervenons dans divers secteurs pour am\u00e9liorer la performance technique, \u00e9conomique et humaine de vos op\u00e9rations de maintenance.","og_url":"https:\/\/nilemaint.fr\/index.php\/audit-conseil\/","og_site_name":"NILEMAINT","article_publisher":"https:\/\/facebook.com\/nilemaint","article_modified_time":"2025-07-29T06:54:27+00:00","og_image":[{"width":468,"height":300,"url":"https:\/\/nilemaint.fr\/wp-content\/uploads\/2025\/06\/Design-sans-titre-1-e1750952448923.png","type":"image\/png"}],"twitter_card":"summary_large_image","twitter_misc":{"Dur\u00e9e de lecture estim\u00e9e":"2 minutes"},"schema":{"@context":"https:\/\/schema.org","@graph":[{"@type":"WebPage","@id":"https:\/\/nilemaint.fr\/index.php\/audit-conseil\/","url":"https:\/\/nilemaint.fr\/index.php\/audit-conseil\/","name":"Audit, Conseil - NILEMAINT","isPartOf":{"@id":"https:\/\/nilemaint.fr\/#website"},"primaryImageOfPage":{"@id":"https:\/\/nilemaint.fr\/index.php\/audit-conseil\/#primaryimage"},"image":{"@id":"https:\/\/nilemaint.fr\/index.php\/audit-conseil\/#primaryimage"},"thumbnailUrl":"https:\/\/nilemaint.fr\/wp-content\/uploads\/2025\/06\/Design-sans-titre-1-e1750952448923.png","datePublished":"2025-07-02T07:08:56+00:00","dateModified":"2025-07-29T06:54:27+00:00","description":"NILEMAINT accompagne les entreprises dans la transformation et l\u2019optimisation de leur maintenance. Nous intervenons dans divers secteurs pour am\u00e9liorer la performance technique, \u00e9conomique et humaine de vos op\u00e9rations de maintenance.","breadcrumb":{"@id":"https:\/\/nilemaint.fr\/index.php\/audit-conseil\/#breadcrumb"},"inLanguage":"fr-FR","potentialAction":[{"@type":"ReadAction","target":["https:\/\/nilemaint.fr\/index.php\/audit-conseil\/"]}]},{"@type":"ImageObject","inLanguage":"fr-FR","@id":"https:\/\/nilemaint.fr\/index.php\/audit-conseil\/#primaryimage","url":"https:\/\/nilemaint.fr\/wp-content\/uploads\/2025\/06\/Design-sans-titre-1-e1750952448923.png","contentUrl":"https:\/\/nilemaint.fr\/wp-content\/uploads\/2025\/06\/Design-sans-titre-1-e1750952448923.png","width":468,"height":300},{"@type":"BreadcrumbList","@id":"https:\/\/nilemaint.fr\/index.php\/audit-conseil\/#breadcrumb","itemListElement":[{"@type":"ListItem","position":1,"name":"Accueil","item":"https:\/\/nilemaint.fr\/"},{"@type":"ListItem","position":2,"name":"Audit, Conseil"}]},{"@type":"WebSite","@id":"https:\/\/nilemaint.fr\/#website","url":"https:\/\/nilemaint.fr\/","name":"NILEMAINT","description":"La Gmao efficiente","publisher":{"@id":"https:\/\/nilemaint.fr\/#organization"},"potentialAction":[{"@type":"SearchAction","target":{"@type":"EntryPoint","urlTemplate":"https:\/\/nilemaint.fr\/?s={search_term_string}"},"query-input":{"@type":"PropertyValueSpecification","valueRequired":true,"valueName":"search_term_string"}}],"inLanguage":"fr-FR"},{"@type":"Organization","@id":"https:\/\/nilemaint.fr\/#organization","name":"NILEMAINT","url":"https:\/\/nilemaint.fr\/","logo":{"@type":"ImageObject","inLanguage":"fr-FR","@id":"https:\/\/nilemaint.fr\/#\/schema\/logo\/image\/","url":"https:\/\/nilemaint.fr\/wp-content\/uploads\/2025\/06\/cropped-Design-sans-titre-1-e1750952448923.png","contentUrl":"https:\/\/nilemaint.fr\/wp-content\/uploads\/2025\/06\/cropped-Design-sans-titre-1-e1750952448923.png","width":290,"height":300,"caption":"NILEMAINT"},"image":{"@id":"https:\/\/nilemaint.fr\/#\/schema\/logo\/image\/"},"sameAs":["https:\/\/facebook.com\/nilemaint"]}]}},"_links":{"self":[{"href":"https:\/\/nilemaint.fr\/index.php\/wp-json\/wp\/v2\/pages\/112","targetHints":{"allow":["GET"]}}],"collection":[{"href":"https:\/\/nilemaint.fr\/index.php\/wp-json\/wp\/v2\/pages"}],"about":[{"href":"https:\/\/nilemaint.fr\/index.php\/wp-json\/wp\/v2\/types\/page"}],"author":[{"embeddable":true,"href":"https:\/\/nilemaint.fr\/index.php\/wp-json\/wp\/v2\/users\/1"}],"replies":[{"embeddable":true,"href":"https:\/\/nilemaint.fr\/index.php\/wp-json\/wp\/v2\/comments?post=112"}],"version-history":[{"count":30,"href":"https:\/\/nilemaint.fr\/index.php\/wp-json\/wp\/v2\/pages\/112\/revisions"}],"predecessor-version":[{"id":283,"href":"https:\/\/nilemaint.fr\/index.php\/wp-json\/wp\/v2\/pages\/112\/revisions\/283"}],"wp:featuredmedia":[{"embeddable":true,"href":"https:\/\/nilemaint.fr\/index.php\/wp-json\/wp\/v2\/media\/51"}],"wp:attachment":[{"href":"https:\/\/nilemaint.fr\/index.php\/wp-json\/wp\/v2\/media?parent=112"}],"curies":[{"name":"wp","href":"https:\/\/api.w.org\/{rel}","templated":true}]}}